y w.
13
Suppose u - 2*u - 3*q = 15, -3*q = 9. Calculate the remainder when 48 is divided by (3/(-3) - 12)*(5 + u).
9
Suppose 4*f - 60 = -2*u, -u = u + 3*f - 65. Let z = -2444 + 2520. Calculate the remainder when z is divided by u.
36
Suppose 0 = 10*m + 52 - 1492. Suppose -214 = -3*n - 5*p, 2*n + 4*p = -0*n + m. What is the remainder when n is divided by 24?
20
Let v = 136 - 181. Calculate the remainder when 23 is divided by 2/(((-10)/v)/1).
5
Suppose -3*o + 2470 = 4*o + 363. What is the remainder when o is divided by 147?
7
Let u(h) = -h**2 - 9*h + 5. Let q be -2 - (3/(-6)*-6 + 25). Let l = q - -22. What is the remainder when 21 is divided by u(l)?
8
Suppose 5*c = -4*r + 2*c - 49, 5*r - 3*c = -41. Let d(t) = t**3 + 11*t**2 + 12*t + 36. What is the remainder when 109 is divided by d(r)?
13
What is the remainder when 249 is divided by (-4)/(8*-4) + (-24297)/(-312)?
15
Let u(j) = 281*j - 2244. What is the remainder when 1119 is divided by u(8)?
3
Suppose f + 18 = -3*l - 42, -2*f - 120 = 3*l. Calculate the remainder when 80 - (5 + f/6) is divided by 15.
10
Let z(r) = -2 + 10*r**3 + 1 - r + r**2 + 2*r. Suppose -5*b = -b - 26*b + 352. What is the remainder when b is divided by z(1)?
5
Suppose -84 + 21 = -9*r. Suppose -3*b - 2*y = -r*y - 67, -5*b = 3*y - 55. Calculate the remainder when 55 is divided by b.
13
Let g(n) = n**3 - 4*n**2 - 12*n + 19. Suppose y + 3*p - 5 = -2*p, 0 = 4*p. Suppose 24 = -y*j + 9*j. What is the remainder when 68 is divided by g(j)?
11
Suppose -2*b = -7*b + 185. Let a = 72889 - 72756. What is the remainder when a is divided by b?
22
Suppose 2*d - 5*d = 7*r - 1699, -25 = 5*r. Suppose 572*b + 78 = d*b. Calculate the remainder when (-18)/3*129/(-6) is divided by b.
12
Suppose -4*m - 5*o = -81, -4*m + 8*m - 31 = 5*o. Let q(n) = -136*n. Calculate the remainder when q(-1) is divided by m.
10
Suppose 3*r - 425 = -14. Suppose 16*z + 196 = 23*z. What is the remainder when r is divided by z?
25
Let f(t) be the first derivative of -t**4/4 - 7*t**3/3 - 13*t**2/2 - 2*t - 84. Calculate the remainder when 17 is divided by f(-2).
1
Let m = 3522 + -3453. What is the remainder when 1304 is divided by m?
62
Let v = 79 + -103. Let d = 75 + v. Calculate the remainder when 150 is divided by d.
48
Suppose -59*o = -1986 - 964. Suppose -93 = -t - 0*t. Calculate the remainder when t is divided by o.
43
Let s(x) = -3358*x - 11979. What is the remainder when s(-4) is divided by 146?
139
Suppose 0 = 13*d - 123586 + 121662. What is the remainder when 298 is divided by d?
2
Suppose -5*q + 158 = 23. Let k(b) = 38*b + 190. Let m be k(-5). Suppose 0 = 5*o - o - 4*n - 72, -o - n + 12 = m. What is the remainder when q is divided by o?
12
Let r(l) = -23*l - 26. Let w be r(-2). Suppose w*d + 134 = 21*d. Calculate the remainder when d is divided by 47.
40
What is the remainder when ((564/(-7))/(-3))/(65/455) is divided by 33?
23
Let x be 55 - (-6 + (7 - -3)). Calculate the remainder when ((-17)/x)/(2/(-852)) is divided by 37.
31
Let l(x) = -22*x**2 + 32*x - 157. Let u(v) = 7*v**2 - 11*v + 52. Let i(n) = 2*l(n) + 7*u(n). What is the remainder when i(5) is divided by (74/8)/(1/4)?
36
Let g(k) = -2*k**3 - 5*k**2 - 5*k + 3. Let v be g(-3). Let d = v + -12. Calculate the remainder when d is divided by 11.
4
Suppose 2516 + 2585 = 5*n + 2*u, -3*u = 6. What is the remainder when n is divided by 126?
13
Suppose 0 = 5*q + 4*x - 45, 11*x = 9*x - 10. Calculate the remainder when 83 is divided by q.
5
Let q be (-5)/10*4 - (-14 + -2). Suppose q = z - h, h = -4 + 3. Suppose 0 = -5*i + z + 382. What is the remainder when i is divided by 16?
15
Suppose -15*i - 29877 = -54*i + 16*i. Calculate the remainder when i is divided by 14.
11
Let v(k) = k**2 - 119*k + 1123. What is the remainder when 649 is divided by v(110)?
117
Let j = 52 - 49. Suppose 56 = j*p - 25. Suppose 0 = 30*l - 33*l + p. What is the remainder when 35 is divided by l?
8
What is the remainder when (1 - -116) + 350/50 is divided by 68?
56
Suppose 9*v + 34 = -2. Let i(q) = 2*q**2 - 8*q - 22. What is the remainder when 333 is divided by i(v)?
39
What is the remainder when (-22)/((-2640)/(-45)) + 25158/16 is divided by 4?
0
Suppose 67*v - 95591 = 438801. Calculate the remainder when v is divided by 38.
34
Let g = 1881 + -1786. Calculate the remainder when 122 is divided by g.
27
Let j(m) = 2*m**2 + 25*m - 206. What is the remainder when 1335 is divided by j(7)?
62
Let m(j) = -j**3 - 16*j**2 - 12*j - 64. What is the remainder when m(-16) is divided by 89?
39
Let w = -25779 - -28740. What is the remainder when w is divided by 737?
13
Suppose -6*l + 622 = f, 0 = 7*l - 8*l + f + 106. Calculate the remainder when l is divided by 44.
16
Calculate the remainder when 1826 is divided by ((-3)/2)/(7/(-168) - (-5)/(-40)).
8
Suppose 0 = 155*f - 151*f - 2*s - 40756, 5*f - 50989 = -3*s. Calculate the remainder when f is divided by 99.
95
Suppose 69*b + 183190 - 18690 = 194*b. What is the remainder when b is divided by 40?
36
Suppose -36*j - 159 - 1121 = -116*j. Calculate the remainder when 126 is divided by j.
14
Suppose -4*o - 24 - 16 = 0. What is the remainder when 17 is divided by (1 + (-21)/15)/(o/325)?
4
Let r be -4 - -2 - -10 - 6/3. Calculate the remainder when 21 is divided by ((-75)/(-50))/(r/16).
1
Calculate the remainder when 1931 is divided by 2/11 - 395676/(-2871).
137
Let u = 1623 + -1428. What is the remainder when u is divided by 175?
20
Let x(i) = -36*i**2 - i + 6. Let g(l) = 1. Let c(y) = 6*g(y) - x(y). What is the remainder when c(-1) is divided by 10?
5
Suppose -4*m + 7*m = 0. Suppose m = a + 4*a - 245. Suppose 69 = 2*v + 3*q + 23, -4*v + 72 = q. Calculate the remainder when a is divided by v.
15
Let v = -10010 + 10990. Calculate the remainder when 994 is divided by v.
14
Suppose -69*t + 188 = 25*t. What is the remainder when 167 is divided by t?
1
Suppose -4*k = -4*o - 68, -2*k + 12 = 5*o - 50. Suppose 0 = -16*z + k*z + 510. Let g = -73 - z. Calculate the remainder when g is divided by 10.
9
What is the remainder when 350 is divided by 2185/25 + (-3 - (-156)/60)?
2
Let l(m) = m. Let i(f) = -3*f + 16. Let a(u) = i(u) + 4*l(u). Suppose -340 + 132 = -13*s. Calculate the remainder when 191 is divided by a(s).
31
Let p(t) = -3*t - 9. Suppose -2*z = 2*x - 6, 2*x = -x + z + 29. Suppose x*b - 70 = 6*b. Calculate the remainder when b is divided by p(-6).
8
Suppose 208 = z + 5*g, -5*g - 43 = -z + 115. Suppose 114 = 5*f - s, 4 = -2*s + 6. Calculate the remainder when z is divided by f.
22
Let z(u) = 50*u + 4. Let y be z(-3). Let n = y + 80. Let m = -47 - n. What is the remainder when 28 is divided by m?
9
Let k = 1911 - 1507. Calculate the remainder when k is divided by 103.
95
Let j = -75846 + 75857. What is the remainder when 0 - 1/(3/(-294)) is divided by j?
10
Let m(t) = 3*t + 1. Let d be m(6). Let b = -810 - -813. Let o = d + b. Calculate the remainder when o is divided by 13.
9
Suppose -2793 + 2460 = -9*q. Calculate the remainder when 1086 is divided by q.
13
Suppose -42*c - m + 288 = -37*c, 0 = 4*c - m - 234. Let z be (-1)/(-6) + (-406)/(-12). Let b = z + -12. What is the remainder when c is divided by b?
14
Suppose -1734 = 5*a - 2*y - 5560, 5*a = y + 3833. Calculate the remainder when a is divided by 198.
174
Let f = -21491 - -21557. What is the remainder when 87 is divided by f?
21
Suppose -w = -17 - 13. Calculate the remainder when (216/(-16) + 15)*(-44)/(-6) is divided by (16/(-3))/((-20)/w).
3
Let o(x) = 11*x**2 + 153*x - 160. Calculate the remainder when 49 is divided by o(-15).
9
Suppose 678 = 91*a - 141. What is the remainder when 644 is divided by a?
5
Let p = -819 + 993. What is the remainder when p is divided by 80?
14
Let h(b) = b**2 + 15*b + 78. Let d be h(-12). Suppose 0 = -45*k + d*k + 366. Calculate the remainder when k is divided by (-2)/(-6)*(125 + -2).
40
Let u be 2/(-11) + (-376)/(-11). Let x = -20 + u. Let t = -26588 - -26641. Calculate the remainder when t is divided by x.
11
Let t be ((-168)/120)/(2/(-210)). Calculate the remainder when 167 is divided by t/14*72/14.
5
Let p = 141 - 95. What is the remainder when p is divided by 34/(-2448)*9 + 3/(24/97)?
10
Let m = 32 - 35. Let o(k) = -4*k - 12. Let c be o(m). Suppose 6*p - 92 - 34 = c. Calculate the remainder when 58 is divided by p.
16
Calc